 85142019?
3, 28380673
What are the prime factors of 631643351?
23357, 27043
What are the prime factors of 104465843?
104465843
What are the prime factors of 815216597?
13, 37, 1694837
What are the prime factors of 164060766?
2, 3, 9114487
What are the prime factors of 17052411?
3, 17, 239, 1399
What are the prime factors of 1882334068?
2, 16363, 28759
What are the prime factors of 1040161733?
13, 4231, 18911
List the prime factors of 1481690836.
2, 59, 6278351
What are the prime factors of 26701697?
11, 2427427
What are the prime factors of 326274997?
211, 1546327
What are the prime factors of 50437714?
2, 25218857
List the prime factors of 12850982.
2, 6425491
List the prime factors of 4233917010.
2, 3, 5, 271, 421, 1237
List the prime factors of 119342003.
11, 10849273
List the prime factors of 9231347.
89, 103723
What are the prime factors of 680385169?
17, 40022657
List the prime factors of 70856874.
2, 3, 11, 32533
What are the prime factors of 56642724?
2, 3, 19, 82811
What are the prime factors of 1356496640?
2, 5, 17, 19, 193
List the prime factors of 162225019.
11, 14747729
What are the prime factors of 44736564?
2, 3, 19, 23, 449
What are the prime factors of 252194107?
11, 22926737
List the prime factors of 2479128890.
2, 5, 7, 4283, 8269
What are the prime factors of 61567209?
3, 11, 31, 743
List the prime factors of 1295112.
2, 3, 7, 13, 593
What are the prime factors of 118444671?
3, 29, 89, 5099
What are the prime factors of 160322189?
17, 43, 71, 3089
List the prime factors of 65654228.
2, 2861, 5737
List the prime factors of 923833886.
2, 11003, 41981
List the prime factors of 207342678.
2, 3, 53, 157, 4153
What are the prime factors of 407488692?
2, 3, 13, 59, 44273
What are the prime factors of 1599757466?
2, 43, 109, 157, 1087
List the prime factors of 61309808.
2, 7, 19, 47, 613
List the prime factors of 16404284.
2, 13, 315467
List the prime factors of 28240432.
2, 11, 29, 503
What are the prime factors of 4732859841?
3, 1861, 847727
What are the prime factors of 66682974?
2, 3, 41, 163, 1663
List the prime factors of 153867648.
2, 3, 11, 73, 499
What are the prime factors of 55358670?
2, 3, 5, 1845289
What are the prime factors of 3157292692?
2, 109, 7241497
List the prime factors of 208255492.
2, 193, 269761
What are the prime factors of 37284814?
2, 7, 59, 45139
What are the prime factors of 576290086?
2, 163, 419, 4219
What are the prime factors of 6546078?
2, 3, 7, 11, 4723
What are the prime factors of 21482962?
2, 59, 182059
What are the prime factors of 217755475?
5, 7, 167, 7451
What are the prime factors of 48719797?
7, 29, 239999
What are the prime factors of 6197160544?
2, 8543, 22669
What are the prime factors of 631255464?
2, 3, 7, 131, 3187
What are the prime factors of 649267424?
2, 13, 1560739
What are the prime factors of 918482274?
2, 3, 17008931
List the prime factors of 161252046.
2, 3, 271, 3673
List the prime factors of 18033078.
2, 3, 7, 83, 739
What are the prime factors of 45726842?
2, 7, 947, 3449
List the prime factors of 3512766612.
2, 3, 31, 9442921
What are the prime factors of 60066183?
3, 97, 206413
What are the prime factors of 966455650?
2, 5, 19329113
What are the prime factors of 403814712?
2, 3, 7, 2403659
List the prime factors of 1013759823.
3, 181, 1866961
What are the prime factors of 580989751?
8161, 71191
What are the prime factors of 2981659?
743, 4013
What are the prime factors of 1053957061?
59, 2039, 8761
List the prime factors of 69769278.
2, 3, 947, 4093
What are the prime factors of 105337993?
5197, 20269
What are the prime factors of 2423057391?
3, 73, 3688063
What are the prime factors of 161825825?
5, 7, 924719
What are the prime factors of 31832430?
2, 3, 5, 7, 29, 5227
What are the prime factors of 80794657?
80794657
What are the prime factors of 37051444?
2, 19, 29, 16811
What are the prime factors of 92580861?
3, 17, 106783
List the prime factors of 1431926392.
2, 13, 571, 24113
List the prime factors of 1887744510.
2, 3, 5, 127, 317, 521
List the prime factors of 4885219712.
2, 101, 443, 853
What are the prime factors of 23628088?
2, 11, 268501
List the prime factors of 10735201.
10735201
List the prime factors of 39279272.
2, 107, 45887
List the prime factors of 165857073.
3, 55285691
What are the prime factors of 154493847?
3, 1051, 16333
List the prime factors of 529249635.
3, 5, 73, 2207
List the prime factors of 690454390.
2, 5, 1499, 46061
What are the prime factors of 673403097?
3, 3929, 57131
List the prime factors of 1590779457.
3, 2777, 63649
List the prime factors of 451015938.
2, 3, 2784049
List the prime factors of 91307636.
2, 7, 83, 101, 389
List the prime factors of 19520915.
5, 29, 61, 2207
What are the prime factors of 107556264?
2, 3, 19, 78623
What are the prime factors of 299965948?
2, 3217, 23311
What are the prime factors of 6432338253?
3, 11, 5867, 33223
What are the prime factors of 5917305234?
2, 3, 31, 31813469
List the prime factors of 757768641.
3, 7, 36084221
List the prime factors of 280510272.
2, 3, 7, 29, 2399
List the prime factors of 3560760897.
3, 37, 971, 33037
List the prime factors of 1113031087.
7, 159004441
List the prime factors of 204252048.
2, 3, 7, 11, 13, 109
What are the prime factors of 461611218?
2, 3, 127, 605789
List the prime factors of 1518635222.
2, 13, 1117, 52291
What are the prime factors of 1418696728?
2, 317, 739, 757
What are the prime factors of 60369585?
3, 5, 149, 27011
What are the prime factors of 2956006021?
2956006021
What are the prime factors of 910036923?
3, 8839, 34319
What are the prime factors of 157029696?
2, 3, 272621
What are the prime factors of 958837385?
5, 11, 17433407
What are the prime factors of 60352443?
3, 31, 216317
List the prime factors of 15799086.
2, 3, 17, 51631
List the prime factors of 442204686.
2, 3, 7, 11, 37, 8623
What are the prime factors of 84672705?
3, 5, 13, 181, 2399
List the prime factors of 311752350.
2, 3, 5, 7, 13, 23, 331
What are the prime factors of 1729379443?
11, 8819, 17827
What are the prime factors of 3959850277?
269, 3793, 3881
List the prime factors of 17167595.
5, 547, 6277
List the prime factors of 47646507.
3, 29, 547661
What are the prime factors of 87575605?
5, 13, 23, 58579
List the prime factors of 1232588094.
2, 3, 17, 12084197
List the prime factors of 142217965.
5, 28443593
What are the prime factors of 61102477?
4057, 15061
What are the prime factors of 46844156?
2, 53, 79, 2797
List the prime factors of 799707843.
3, 11, 2692619
What are the prime factors of 1058534515?
5, 41, 5163583
List the prime factors of 3005798454.
2, 3, 166988803
List the prime factors of 242750469.
3, 13, 151, 41221
What are the prime factors of 5946233892?
2, 3, 29, 3803, 4493
List the prime factors of 156029025.
3, 5, 127, 16381
What are the prime factors of 354458002?
2, 37, 4789973
What are the prime factors of 1223803990?
2, 5, 17, 7198847
List the prime factors of 82946319.
3, 229, 120737
List the prime factors of 4338575823.
3, 1446191941
List the prime factors of 848177.
11, 83, 929
What are the prime factors of 48513205?
5, 13, 673, 1109
What are the prime factors of 87660521?
13, 23, 293179
What are the prime factors of 258279842?
2, 1777, 72673
List the prime factors of 62931146.
2, 41, 103, 7451
List the prime factors of 29119519.
11, 13, 269, 757
What are the prime factors of 159003027?
3, 29, 61, 3329
What are the prime factors of 68546009?
7, 79, 123953
What are the prime factors of 839732013?
3, 2137, 43661
What are the prime factors of 3146817501?
3, 151, 2315539
List the prime factors of 3454086175.
5, 67, 809, 2549
What are the prime factors of 25634772?
2, 3, 97, 2447
List the prime factors of 922340434.
2, 23, 20050879
What are the prime factors of 139134201?
3, 46378067
List the prime factors of 300091092.
2, 3, 7, 19, 26861
What are the prime factors of 3449390269?
13, 265337713
What are the prime factors of 1713550576?
2, 107096911
What are the prime factors of 1414532802?
2, 3, 235755467
What are the prime factors of 35416601?
11, 31, 283, 367
List the prime factors of 46134051.
3, 197, 251, 311
What are the prime factors of 554911645?
5, 587, 189067
List the prime factors of 882005527.
13, 61, 1112239
List the prime factors of 602